ppose 35 - 32 = -3*n. Let x be (9/(-6))/(3/(-2)). What is the units digit of n + -3*(-7 - x)?
3
Let j(i) = -i**3 - 15*i**2 - 15*i - 12. Let v be j(-14). Let s be 22/((-2)/((-24)/v)). Let m = s + -79. What is the tens digit of m?
5
Let q = -7 + 0. What is the units digit of (-6)/21 + (-317)/q + 1?
6
Let f = 13402 + -8588. What is the tens digit of f?
1
Suppose 2*g + 7*g = 5*g. Let p(t) = 5*t + 47. What is the tens digit of p(g)?
4
Suppose b = -4*b + 3075. What is the hundreds digit of b?
6
Let i(h) be the first derivative of -h**5/2 + h**4/6 + h**3/3 - 6*h + 7. Let f(p) be the first derivative of i(p). What is the tens digit of f(-1)?
1
Suppose -16245 - 19179 = -8*v. What is the hundreds digit of v?
4
Let f be (-9)/6 + (-9)/(-6). Suppose f = -4*y + 3*y - 9. Let j(u) = -u**3 - 8*u**2 + 8*u + 2. What is the units digit of j(y)?
1
Let f be (-8)/24 + (-3 - 75/(-9)). Suppose v + 451 = 2*z + z, -f*z + 3*v = -745. What is the tens digit of z?
5
Let a be (-85)/15 - (-3)/(-9). What is the units digit of 24/((12/(-16))/(9/a))?
8
Suppose 64085 = 40*n - 138755. What is the units digit of n?
1
Suppose 3*z - 1220 = -z. What is the hundreds digit of z?
3
Suppose -4*z = -5 - 43. What is the hundreds digit of 352/z*(2 + 4)?
1
Suppose -c = 2*a - 225 - 608, -5*a = -c + 861. What is the hundreds digit of c?
8
Let d(p) = 16*p - 1. Suppose 23 = -2*v - 3*i, -3*i + 11 = -5*v - 78. Let m be (-6)/8 + (-28)/v. What is the units digit of d(m)?
5
Suppose 4*l = -12, -5*l = -2*y + 3329 + 3154. What is the tens digit of y?
3
What is the hundreds digit of ((-24)/16)/(12/(-14872))?
8
Let v(s) = 1 + 11*s + 0*s + 2 + 0. What is the tens digit of v(1)?
1
Let r(v) = -v**2 + 9*v - 10. Let s be r(5). Suppose s*l = 7*l + 204. Let z = 120 - l. What is the units digit of z?
2
Let q = -4 + 3. Let l be (10 - 14)*1*q. Suppose 2*o - l*o + 50 = 0. What is the tens digit of o?
2
Let s be 12/(-30) - 34/(-10). Suppose 0 - s = -c. Suppose -c*o + 3 + 63 = 0. What is the units digit of o?
2
Let c(b) = -31*b + 43. Let v be c(-8). Suppose 5*z = v + 1274. What is the hundreds digit of z?
3
Let q(s) = s**2 - 2*s + 7. Suppose 2*b = -3*z + 51, b - 3*b + 6 = 0. Suppose -6*k = -9*k + z. What is the tens digit of q(k)?
2
Let r be 0 + 4 - (1 - 12). Suppose -4*y + 47 = -0*y + 5*l, -r = -5*l. Suppose 0 = y*f - 3*f - 60. What is the tens digit of f?
1
Let a(v) = 6*v**2 + 5*v - 16. What is the units digit of a(7)?
3
Let a(l) = l**3 + 17*l**2 + 17*l + 13. Let s be a(-16). What is the tens digit of -4*(s - 118/4)?
3
Let t(p) be the second derivative of p**6/80 - p**5/10 - 5*p**4/6 + 11*p. Let u(s) be the third derivative of t(s). What is the tens digit of u(5)?
3
Let q(g) = -28*g + 7. Let v be q(-6). Suppose -v = -p - 4*p. Suppose p = 4*l - 109. What is the tens digit of l?
3
Let i(z) be the third derivative of z**4/6 - 13*z**3/6 + 10*z**2. What is the tens digit of i(8)?
1
Let x(u) = 198*u + 97. What is the tens digit of x(3)?
9
Suppose -5*f + h + 3481 = -193, 1452 = 2*f + 4*h. What is the tens digit of f?
3
Let i(n) = -n**3 + 4*n**2 + 7*n - 4. Let l be i(5). Let z(t) = l*t + 12 + 0*t**2 + t + t**2. What is the units digit of z(-5)?
2
Let o(u) = -2*u**3 - 5*u**2 + 3*u + 3. Let h be o(-4). Suppose -3 + h = 4*f. What is the units digit of f?
9
Suppose 9*n = -11*n + 24020. What is the thousands digit of n?
1
Let q = 12 + -10. Suppose -d + q*d = 0. Suppose 5*v - 6 = -z, -4*v = -3*z - 1 - d. What is the units digit of z?
1
Let y(b) = 32*b**2 + b - 1. Let d be y(-1). Suppose -3*n + n + d = 0. What is the tens digit of n?
1
Suppose -4*s - 632 = 2*y, 3*s + 460 = -0*s + 2*y. What is the units digit of (s/(-2) + 5)*1?
3
Let m = 252 + 66. What is the units digit of m?
8
Let m be (-11)/11 + 2*2. Suppose -x = -0*x - m, -4*h = 3*x + 159. Let c = h + 89. What is the units digit of c?
7
Suppose -234 = 2*h + 4*p, 5*h - 7*h = p + 234. Let c = 16 - h. What is the units digit of c?
3
Let f(u) = -3*u + 1. Suppose 9 = 3*n - 3. Suppose 0 = r + 5 - n. What is the units digit of f(r)?
4
Let h = 10 - 5. Let i = h - -4. What is the units digit of (1 + -16)*(-36)/i?
0
Let d be (-4)/(2/1) + 45. Suppose -5*h - 5*n + 285 = 0, -h = -2*n - d - 29. What is the tens digit of h?
6
Suppose -20*i + 6 = -18*i. Suppose 5*k = x - 73, 0 = -i*x - 3*k - k + 238. What is the units digit of x?
8
Suppose -108*p = -113*p - 10. What is the units digit of (-1)/(275/(-135) - p)?
7
Let o be 3 - (-3)/(15/115). Let t be 1/(-2) - (-2977)/o. Suppose c + c - t = 0. What is the units digit of c?
7
Let c be 19/7 - 24/(-84). Suppose -w + 0*o = 3*o - 43, 0 = c*w - 3*o - 117. What is the units digit of (-3 - 3/3) + w?
6
Suppose g = 3*p - 2*g - 306, 3*p - 2*g - 308 = 0. What is the tens digit of p/5 - 9/(-45)?
2
What is the tens digit of (-21)/(-6)*804/21?
3
Let b be (64/80)/(2/410). Let r = b + 69. What is the hundreds digit of r?
2
Suppose -2*g + 6*g - 212 = -4*k, -263 = -5*k - 4*g. Let s = k + 36. What is the tens digit of s?
8
Let x be 0/7*1/2. Suppose 3*c + l - 11 = x, c = 3*c - 4*l - 26. Suppose 2*g = c*g - 2*n - 7, 2*g - 2*n - 4 = 0. What is the units digit of g?
3
What is the hundreds digit of -3 - ((-1131)/3 - 2)?
3
Let y be ((-2)/(-6) + -1)*-6. Suppose 4 = 3*k - 2*m - 6, -2*m - y = 0. Suppose -h - 3*h - 5*c = -282, k*h + 4*c = 138. What is the units digit of h?
3
Suppose 2*o - 5030 + 1438 = 0. What is the units digit of o?
6
Let u(d) = -d**3 - 6*d**2 - 4*d. Let x be u(-6). Suppose -4*t - x + 84 = 0. What is the units digit of t?
5
Let f(n) = -2*n**3 - 5*n**2 - 9*n. Let z be f(-4). Suppose z*a = 79*a + 1625. What is the hundreds digit of a?
3
Let g(p) = 92*p**2 + 3*p - 6. Let h(v) = -93*v**2 - 3*v + 5. Let d(q) = -3*g(q) - 4*h(q). Let c be d(1). What is the tens digit of -3 + (-3 - c)/(-4)?
2
Let o = 264 + -467. Let f = o + 363. What is the hundreds digit of f?
1
Let m = 498 - 241. What is the hundreds digit of m?
2
Let y(m) = m + 11. What is the units digit of y(15)?
6
Let m be 46*((-3)/6 - -1). Suppose -518 - 13 = -9*v. Let t = v - m. What is the units digit of t?
6
Let t = 2903 - 1696. What is the thousands digit of t?
1
Let a(h) = h**3 + 15*h**2 - 32*h - 55. What is the tens digit of a(-16)?
0
Suppose -3*t = -5*k - 125, -2*k = -3*t - k + 121. Suppose 5*u - 2*o - 104 = 0, -4*u + 34 = 3*o - t. What is the tens digit of u?
2
Let q(p) = 4*p**2 + 13*p + 6. Suppose 0 = -4*b + 3*k - 21, 11 = -2*b + 2*k - k. What is the units digit of q(b)?
2
Let l(f) = f**3 - 13*f**2 + 3*f - 10. Let y(i) = i**3 - 17*i**2 + 2*i - 21. Let c be y(17). What is the tens digit of l(c)?
2
Let y = 18 - 12. Suppose -y*j = 13 + 17. Let w = 62 + j. What is the tens digit of w?
5
Let d = 1912 + -281. What is the tens digit of d?
3
Let p(y) = y**3 - 5*y**2 + 3*y + 2. Let c be p(4). Let h = c + 5. Suppose 0 = -h*s + 5*x + 95, 3*s = -0*s + 3*x + 87. What is the tens digit of s?
2
Let s be (-33)/1*2/6. Let t(i) = i**2 - i - 25. What is the hundreds digit of t(s)?
1
Suppose -u + 469 = 5*p, 788 = 3*u - 4*p - 543. What is the tens digit of u?
4
Let w = -28 - -30. Suppose -w*x + z + 54 = -2*z, -4*x + 122 = z. What is the units digit of x?
0
Let g(p) = 29*p**3 - 6*p**2 + 16*p - 36. What is the thousands digit of g(4)?
1
Let a be (3/4)/(6/216). Let m = a - 27. Suppose -n - 10 + 76 = m. What is the units digit of n?
6
Suppose 5*f - 4*n + 20 = 0, f = -12*n + 14*n - 10. Suppose f = 18*p - 19*p + 77. What is the tens digit of p?
7
Let q(d) = -d**3 + 13*d**2 + 15*d - 10. Let h be q(14). Suppose 0 = -h*z + 3*c - 3, 5*c = -z + 5. Suppose 3*j - 4 - 95 = z. What is the units digit of j?
3
Let p = 320 + 267. What is the tens digit of p?
8
Let t = 63 + 38. Let d = t - 62. What is the tens digit of (d + 1)*6/12?
2
Suppose 0 = y - 2*x - 839 - 2527, -3*y = -3*x - 10101. What is the hundreds digit of y?
3
Let m(n) = -7*n + 22. Let q(p) = p - 1. Let l(v) = m(v) + 5*q(v). What is the tens digit of l(-18)?
5
Suppose -b - 761 = -4*r + 537, -4*r + 3*b + 1294 = 0. What is the hundreds digit of r?
3
Suppose -h + 2020 = 2*r, -3*r + 2834 = 5*h - 203. What is the tens digit of r?
0
Let x(h) = h**3 + 10*h**2 - 12*h - 8. Let w be x(-11). Let b be (1 + w)*(-45)/(-36). Suppose 3*m - 25 = -4*f, -2*m + 4*m - b = -f. What is the units digit of f?
7
What is the tens digit of -15*-2*6/(-30) + 1871?
6
Let h be -4 + -13 - (-3)/(-1). Let